is the units digit of x?
3
Let y(t) = -t**2 - 14*t - 40. What is the units digit of y(-9)?
5
Let c = -22 - -22. What is the tens digit of (41 + -3 - 2) + c?
3
Let h = 61 + -29. What is the tens digit of h?
3
Suppose 18 = -7*g + 3*g - 2*w, g - 12 = 5*w. Let d be 8*g/18*-3. Suppose -d*h = -9*h + 65. What is the tens digit of h?
1
Suppose -3*b + 10 = -2. Let y be -2 + (-2 - (-3 + -4)). Suppose b*m = -y*g + 13, -3*m + 1 = -2*m. What is the units digit of g?
3
Let c(l) = -l**2 - l. Let d be c(-1). What is the units digit of d - -1 - 22/(-2)?
2
Let b(z) = 2*z**2 + 1. What is the units digit of b(5)?
1
Let y(f) = 5*f**2 + 10*f - 9. What is the tens digit of y(-5)?
6
Let w be (-8)/(-3)*6/4. Let r(n) = n**2 - n + 2. What is the tens digit of r(w)?
1
Let c(j) be the first derivative of 0*j**2 - 1 - 1/3*j**3 + 8*j. What is the units digit of c(0)?
8
Suppose -4*u = p + 8, -u - 28 + 7 = 5*p. What is the units digit of (p/5)/((-2)/45)?
8
Let u be (2 - (0 + 0)) + -6. Let d = -4 - u. What is the units digit of 2 + (3 - (2 + d))?
3
Let r = 0 + 2. Suppose 0 = -3*c + r*c + 4. Suppose 17 = -0*n + 2*n - m, n = -c*m + 4. What is the units digit of n?
8
Let b(y) = y**2 - 13*y - 1. What is the units digit of b(16)?
7
Let z(r) = 6*r. Let c be z(-1). Let n(a) = -a**3 - 5*a**2 + 6*a - 7. Let j be n(c). Let k = j + 13. What is the units digit of k?
6
Suppose -20 = -2*p + w, -2*w - w - 36 = -3*p. Let r(i) = i**3 - p*i**2 + 3*i + i**2 - 5 - 3. What is the tens digit of r(7)?
1
Suppose 9 = 3*f + 15. Let s(l) = -14*l - 2. What is the tens digit of s(f)?
2
Let v be 44/(-7) + (-14)/(-49). Let q(h) = h**2 + 5*h - 2. Let y be q(v). Suppose 20 = j + y*j. What is the units digit of j?
4
Let t(j) = 29*j**2 - j - 1. What is the tens digit of t(-1)?
2
Let w = -49 - -71. What is the tens digit of w?
2
Suppose 3*a - 36 = -0*a. Suppose 3*m = m + a. What is the units digit of m?
6
Suppose -5*x + 2*x = 24. What is the units digit of 39 - (-5 - x/4)?
2
Let a = -22 - -38. What is the units digit of a?
6
Let p(u) = 4*u**2 - 12*u - 21. Let i(r) = r**2 - 1. Let k(v) = 5*i(v) - p(v). What is the units digit of k(-11)?
5
Suppose 2*o = 5*s + 253, 3*o - 4*s = -0*o + 383. What is the hundreds digit of o?
1
Let s be 1 + (1 - 1) + 19. Let t be (s/(-6))/((-4)/24). Let b = -14 + t. What is the units digit of b?
6
Suppose 3*g = -g + 16. Suppose g*i = 45 + 27. Suppose -a + 4*v = 3, i = 2*a + 5*v - v. What is the units digit of a?
5
Let b = 10 + 17. What is the units digit of b?
7
Let x = 41 - 26. Let r be 1/(-3) + 95/x. Suppose 4*k + 4*w = 48, r*k - w - 90 = k. What is the units digit of k?
7
Suppose -3*a - 3*v - 3 = -0, -3*v - 21 = -3*a. Suppose -a*m - 12 + 102 = 0. Suppose -2*g - 41 = -2*i + 3*g, 3*i = -3*g + m. What is the units digit of i?
3
Let n(o) = 23*o + 11. What is the units digit of n(6)?
9
Let h be (-4)/(-14) + 468/28. Let b = -10 + h. What is the units digit of b?
7
Let w(f) = -3*f - f**2 + 5 - 3*f + 3. Suppose d + 10 = -2*x, -4*d - d = 5*x + 20. What is the units digit of w(x)?
8
Let r(q) = 13*q + 2. Let s(h) = 1. Let p(n) = -r(n) + 6*s(n). What is the units digit of p(-3)?
3
Suppose -7*v = -4*v. Suppose v = -2*k - 4*q + 26, 3*q - q + 77 = 5*k. Let l = k - 8. What is the units digit of l?
7
Suppose 64 = 2*i + 2*w, 5*i + 2*w = -w + 166. What is the units digit of i?
5
Suppose 0 = 3*m - 9. Suppose -m*z + 6*z = 6. Suppose 8 = z*i - 0*i. What is the units digit of i?
4
Let p be (1 - 2)*1 + -5. What is the units digit of (-4)/p + (-1)/(-3)?
1
Let c(i) = i**3 - 8*i**2 + 4*i + 24. What is the units digit of c(7)?
3
Suppose -3 = 2*w - 4*y - 25, 0 = 3*w - 3*y - 24. Suppose -t + 3*t - 10 = 0, -w*o - 2*t + 45 = 0. Suppose -2*n + o = -11. What is the units digit of n?
9
Let f = 0 + 15. What is the units digit of f?
5
Suppose 0 = -4*h - 3*k - 0*k + 145, h - 2*k - 50 = 0. What is the units digit of h?
0
Suppose 2*r = -2*r - 3*y - 12, -3*r - 4*y = 9. Let l = 7 - r. What is the tens digit of l?
1
Let f(z) = 2*z + 4. Let u be f(7). Let g = -5 + u. What is the units digit of g?
3
Let u(q) = -q**2 - 10*q - 3. Let t be (1 + 0 - -2)*-3. What is the units digit of u(t)?
6
Suppose -49 - 137 = -4*b + 5*l, b - 43 = 3*l. What is the tens digit of b?
4
Let p be -1*2 - (-1 + -1). Let u be p - -10 - (-2 - -4). Suppose -o = -3*o + u. What is the units digit of o?
4
Suppose -120 = -3*m - 2*m. Let t be -3 + (-6)/2 + 15. Let g = m - t. What is the units digit of g?
5
Suppose 2*n + 4 = 4*n. Suppose t - 11 = -3*v, 4*t = 2*v + 2*v - 4. Suppose -2*b - 15 = -v*c + n*b, 4*b = -3*c - 9. What is the units digit of c?
1
What is the tens digit of ((-10)/20)/((-2)/336)?
8
Suppose 3*u = -5 + 26. Let q(k) = 4*k - 9. What is the units digit of q(u)?
9
Let o(a) = 16*a + 10. What is the hundreds digit of o(11)?
1
Let v be (-4)/2 + 4 + 2. Suppose v + 2 = 3*a. What is the units digit of (-1)/(1/(-12)*a)?
6
Suppose w - 2*w + 5 = 0. Suppose 0 = w*r - 21 + 1. What is the units digit of ((-36)/30)/(r/(-30))?
9
Let k(s) = -s + 0*s + 2*s + s. Let p = -8 - -11. What is the units digit of k(p)?
6
Suppose -4*h - 10 = -2*f + 3*f, -5*h + 10 = 0. Let q = -13 - f. Suppose 11 + 19 = q*z. What is the units digit of z?
6
Let x(q) = q**2 - 2*q + 163. What is the units digit of x(0)?
3
Let d(i) be the third derivative of i**4/12 - 2*i**3/3 + 3*i**2. What is the units digit of d(4)?
4
Let c(t) = t**3 + 5*t**2 - t - 5. Let b be c(-5). Suppose b = -k + 6*k - 35. What is the units digit of (1 - 3) + -2 + k?
3
Let h = -130 - -488. What is the units digit of h?
8
Let g(q) = 6*q + 1. Let n be g(-1). Let l = n - -25. Let o = 30 - l. What is the tens digit of o?
1
Let m = 145 - -50. What is the tens digit of m?
9
Suppose 0 = u + 5*p - 125, 0*u - 3*p = -3*u + 321. What is the hundreds digit of u?
1
Let q(n) = -n**2 + 8*n - 1. Let f(s) = -s**2 + 9*s - 2. Let t(j) = 3*f(j) - 4*q(j). Let v be t(7). Suppose 15 + v = 3*w. What is the units digit of w?
9
Suppose -3*n + 3 = -a, -5*a = 2*n - 26 + 109. Let y = -10 - a. What is the units digit of y?
5
Let q = -12 + 27. What is the units digit of q?
5
Suppose 0 = -4*p + 2*n + 416, 5*n - 490 = 2*p - 7*p. What is the hundreds digit of p?
1
Suppose 7*l = 11*l - 28. Let t(u) = u**3 - 5*u**2 - 7*u - 5. What is the tens digit of t(l)?
4
Suppose 6*p - 72 = 3*p. Suppose 4*y + k - 24 = 0, 5*k - p = -4*y + k. What is the units digit of y?
6
Let v be 19/(-4) - (-1)/(-4). Let d = 1 + v. Let k = d + 6. What is the units digit of k?
2
Let k(f) = f**2 + 4*f - 2. Let n be k(-5). Let w be 1/(1 - 16/18). Let x = w - n. What is the units digit of x?
6
Suppose -2*m = -m + 20. Let s = m - -51. What is the tens digit of s?
3
Suppose 0*i - 2*i + t = -356, -4*t + 712 = 4*i. What is the tens digit of i?
7
Let p = 43 - -9. Let y = p - 34. What is the units digit of y?
8
Suppose 0 = -4*q + 4*y + 220, 4*q + 3*y - 5*y - 226 = 0. What is the tens digit of q?
5
Suppose -1045 = -56*f + 51*f. What is the hundreds digit of f?
2
Suppose -3 = 3*d - 87. Let j = d - 20. What is the units digit of j?
8
Let p(f) be the first derivative of f**3/3 - 9*f**2/2 - 10*f + 3. Let s be p(10). Suppose -2*i + 1 + 19 = s. What is the tens digit of i?
1
Let b(d) = -d**2 + 3*d + 3. Let q = -7 - -11. Let i be b(q). What is the units digit of ((-12)/2*i)/1?
6
Let x be -3*(3 - (-3 + 4)). Let v(g) = 8*g + 0*g**2 - 4*g - 2*g**3 - 5*g**2 + g**3. What is the units digit of v(x)?
2
Let t(y) = -2*y. Let l be t(2). What is the units digit of (-340)/(-14) + l/14?
4
Let a(p) = p**3 - p**2 + p - 1. Suppose 2*l = -l + 4*w - 21, -5*w = 5*l. Let s = 5 + l. What is the units digit of a(s)?
5
Suppose 0 = -0*h - 3*h + 5*o - 20, -4*h - o = 19. Let r be h*1*(-38)/5. Let y = r - 27. What is the tens digit of y?
1
Let z = 116 + -63. What is the tens digit of z?
5
Let m be 3 + (-2 - 3/(-3)). Let z be (m/(-3))/((-2)/15). Let v = z + 2. What is the units digit of v?
7
Suppose 0*h - 5*h = -165. Let t = -23 + h. What is the tens digit of t?
1
What is the units digit of (0 + (11 - 5))*(-86)/(-6)?
6
Let h(o) = -3*o + 1 + 5*o - 6*o - 2. What is the units digit of h(-2)?
7
Let b(w) = 3*w + 29. What is the tens digit of b(0)?
2
Suppose 72 = d + 2*j, 12*d - 221 = 9*d - j. What is the tens digit of d?
7
Let d(t) = -t**3 + 4*t**2 + 10*t + 7. What is the hundreds digit of d(-5)?
1
What is the units digit of (21 +